{"id":236,"date":"2026-01-16T11:13:23","date_gmt":"2026-01-16T11:13:23","guid":{"rendered":"https:\/\/uusi.kompressorikeskus.fi\/?page_id=236"},"modified":"2026-01-16T12:40:17","modified_gmt":"2026-01-16T12:40:17","slug":"painehiekkapuhaltimet","status":"publish","type":"page","link":"https:\/\/kompressorikeskus.fi\/?page_id=236","title":{"rendered":"Painehiekkapuhaltimet"},"content":{"rendered":"\n<div class=\"wp-block-columns is-layout-flex wp-container-core-columns-is-layout-28f84493 wp-block-columns-is-layout-flex\">\n<div class=\"wp-block-column is-layout-flow wp-block-column-is-layout-flow\">\n<p class=\"has-base-color has-text-color has-link-color wp-elements-062a6e6061398e2ea4091e444e921dd9\"><strong><a href=\"https:\/\/kompressorikeskus.fi\/?page_id=160\" data-type=\"page\" data-id=\"160\">&lt;\u2013 Takaisin<\/a><\/strong><\/p>\n\n\n\n<p style=\"margin-right:var(--wp--preset--spacing--60);margin-left:var(--wp--preset--spacing--60)\">Kompressorikeskuksen kehitt\u00e4mien<strong>&nbsp;ja valmistamien PUHTI\u00ae&nbsp;<\/strong>-hiekkapuhaltimien varustelu ja helppo siirrelt\u00e4vyys antaa k\u00e4ytt\u00e4j\u00e4lle hyv\u00e4t edellytykset vaikeissakin olosuhteissa. Kokoluokat 5 litran s\u00e4ili\u00f6st\u00e4 aina 200 litraan saakka tarjoaa oikean, toimintavarman ja k\u00e4yt\u00e4nn\u00f6llisen ratkaisun useimpiin raepuhalluskohteisiin. Kovametallinen venturisuutin antaa rakeelle l\u00e4hes kaksinkertaisen nopeuden tavalliseen suuttimeen verrattuna ja teho on sen mukainen. Ymp\u00e4rist\u00f6yst\u00e4v\u00e4lliset p\u00f6lyvapaat ratkaisut ker\u00e4\u00e4v\u00e4t p\u00f6lyt ja j\u00e4tteet talteen, sek\u00e4 kierr\u00e4tt\u00e4v\u00e4t puhallusrakeen uudelleen k\u00e4ytt\u00f6\u00f6n.<\/p>\n<\/div>\n<\/div>\n\n\n\n<div class=\"wp-block-media-text is-stacked-on-mobile\"><figure class=\"wp-block-media-text__media\"><img loading=\"lazy\" decoding=\"async\" width=\"689\" height=\"1024\" src=\"https:\/\/kompressorikeskus.fi\/wp-content\/uploads\/2026\/01\/PUHTI-50-689x1024.jpg\" alt=\"\" class=\"wp-image-237 size-full\" srcset=\"https:\/\/kompressorikeskus.fi\/wp-content\/uploads\/2026\/01\/PUHTI-50-689x1024.jpg 689w, https:\/\/kompressorikeskus.fi\/wp-content\/uploads\/2026\/01\/PUHTI-50-202x300.jpg 202w, https:\/\/kompressorikeskus.fi\/wp-content\/uploads\/2026\/01\/PUHTI-50-768x1142.jpg 768w, https:\/\/kompressorikeskus.fi\/wp-content\/uploads\/2026\/01\/PUHTI-50.jpg 1002w\" sizes=\"auto, (max-width: 689px) 100vw, 689px\" \/><\/figure><div class=\"wp-block-media-text__content\">\n<p class=\"has-medium-font-size\"><strong>PUHTI-50 PAINEHIEKKAPUHALLIN<\/strong><\/p>\n\n\n\n<p>PUHTI-50 painehiekkapuhaltimen helppo siirrelt\u00e4vyys luo k\u00e4ytt\u00e4j\u00e4lle rajattomat mahdollisuudet eri kohteiden helppoon ty\u00f6st\u00e4miseen, joten vaikeidenkin paikkojen hiekkapuhaltaminen k\u00e4y vaivattomasti.<\/p>\n\n\n\n<p><strong>TURVAPYS\u00c4YTIN<\/strong><\/p>\n\n\n\n<p>Kuuluu PUHTI-painehiekkapultimen vakiovarusteisiin ja se tekee k\u00e4yt\u00f6st\u00e4 turvallisen ja helpon. Pys\u00e4yt\u00e4t tai k\u00e4ynnist\u00e4t hiekkasuihkun k\u00e4den liikkeell\u00e4.<\/p>\n\n\n\n<p><strong>KOVAMETALLINEN VENTURISUUTIN<\/strong><\/p>\n\n\n\n<p>Painehiekkapuhallin on varustettu kovametallisella venturisuuttimella. Se antaa hiekalle l\u00e4hes kaksinkertaisen nopeuden tavalliseen suuttimeen verrattuna.<\/p>\n\n\n\n<p>Hiekkaseosventtiilill\u00e4 voit s\u00e4\u00e4t\u00e4\u00e4 hiekan m\u00e4\u00e4r\u00e4\u00e4 tarpeen mukaan. Tehokas vedenerotin est\u00e4\u00e4 puhallusmateriaalin kostumista ja t\u00e4ten v\u00e4hent\u00e4\u00e4 laitteiden toimintah\u00e4iri\u00f6it\u00e4. S\u00e4ili\u00f6n t\u00e4ytt\u00f6 on helppoa yl\u00e4osan suppilomaisuuden joh-dosta. Kartiomallinen pohja valuttaa hiekan tehokkaasti, joten rakeen paakkuuntuminen pohjalle estyy.<\/p>\n\n\n\n<p><strong>TEKNISET TIEDOT:<\/strong><\/p>\n\n\n\n<ul class=\"wp-block-list\">\n<li>S\u00e4ili\u00f6n tilavuus 50 L<\/li>\n\n\n\n<li>Paino 38 kg<\/li>\n\n\n\n<li>Leveys 500 mm<\/li>\n\n\n\n<li>Syvyys 540 mm<\/li>\n\n\n\n<li>Korkeus 1030 mm<\/li>\n\n\n\n<li>S\u00e4ili\u00f6n halkaisija 347 mm<\/li>\n\n\n\n<li>Turvapys\u00e4ytin pneumaattinen<\/li>\n<\/ul>\n\n\n\n<p>Painehiekkapuhallin toimitetaan varustettuna yhdell\u00e4 kovametallisuuttimella. Suutinvaihtoehdot ovat \u00f82, \u00f83, \u00f84 ja \u00f86 mm<\/p>\n<\/div><\/div>\n\n\n\n<div class=\"wp-block-media-text is-stacked-on-mobile\"><figure class=\"wp-block-media-text__media\"><img loading=\"lazy\" decoding=\"async\" width=\"188\" height=\"317\" src=\"https:\/\/kompressorikeskus.fi\/wp-content\/uploads\/2026\/01\/PUHTI-100.jpg\" alt=\"\" class=\"wp-image-238 size-full\" srcset=\"https:\/\/kompressorikeskus.fi\/wp-content\/uploads\/2026\/01\/PUHTI-100.jpg 188w, https:\/\/kompressorikeskus.fi\/wp-content\/uploads\/2026\/01\/PUHTI-100-178x300.jpg 178w\" sizes=\"auto, (max-width: 188px) 100vw, 188px\" \/><\/figure><div class=\"wp-block-media-text__content\">\n<p class=\"has-medium-font-size\"><strong>PUHTI-100 PAINEHIEKKAPUHALLIN<\/strong><\/p>\n\n\n\n<p>PUHTI-100 painehiekkapuhaltimen helppo siirrelt\u00e4vyys luo k\u00e4ytt\u00e4j\u00e4lle rajattomat mahdollisuudet eri kohteiden helppoon ty\u00f6st\u00e4miseen, joten vaikeidenkin paikkojen hiekkapuhaltaminen k\u00e4y vaivattomasti.<\/p>\n\n\n\n<p><strong>TURVAPYS\u00c4YTIN<\/strong><\/p>\n\n\n\n<p>Kuuluu PUHTI-painehiekkapultimen vakiovarusteisiin ja se tekee k\u00e4yt\u00f6st\u00e4 turvallisen ja helpon. Pys\u00e4yt\u00e4t tai k\u00e4ynnist\u00e4t hiekkasuihkun k\u00e4den liikkeell\u00e4.<\/p>\n\n\n\n<p><strong>KOVAMETALLINEN VENTURISUUTIN<\/strong><\/p>\n\n\n\n<p>Painehiekkapuhallin on varustettu kovametallisella venturisuuttimella. Se antaa hiekalle l\u00e4hes kaksinkertaisen nopeuden tavalliseen suuttimeen verrattuna.<\/p>\n\n\n\n<p>Hiekkaseosventtiilill\u00e4 voit s\u00e4\u00e4t\u00e4\u00e4 hiekan m\u00e4\u00e4r\u00e4\u00e4 tarpeen mukaan. Tehokas vedenerotin est\u00e4\u00e4 puhallusmateriaalin kostumista ja t\u00e4ten v\u00e4hent\u00e4\u00e4 laitteiden toimintah\u00e4iri\u00f6it\u00e4. S\u00e4ili\u00f6n t\u00e4ytt\u00f6 on helppoa yl\u00e4osan suppilomaisuuden joh-dosta. Kartiomallinen pohja valuttaa hiekan tehokkaasti, joten rakeen paakkuuntuminen pohjalle estyy.<\/p>\n\n\n\n<p><strong>TEKNISET TIEDOT:<\/strong><\/p>\n\n\n\n<ul class=\"wp-block-list\">\n<li>S\u00e4ili\u00f6n tilavuus 100 L<\/li>\n\n\n\n<li>Paino 82 kg<\/li>\n\n\n\n<li>Leveys 600 mm<\/li>\n\n\n\n<li>Syvyys 720 mm<\/li>\n\n\n\n<li>Korkeus 1200 mm<\/li>\n\n\n\n<li>S\u00e4ili\u00f6n halkaisija 460 mm<\/li>\n\n\n\n<li>Turvapys\u00e4ytin pneumaattinen<\/li>\n<\/ul>\n\n\n\n<p>Painehiekkapuhallin toimitetaan varustettuna yhdell\u00e4 kovametallisuuttimella. Suutinvaihtoehdot ovat \u00f82, \u00f83, \u00f84 ja \u00f86 mm<\/p>\n<\/div><\/div>\n\n\n\n<div class=\"wp-block-media-text is-stacked-on-mobile\"><figure class=\"wp-block-media-text__media\"><img loading=\"lazy\" decoding=\"async\" width=\"1024\" height=\"1004\" src=\"https:\/\/kompressorikeskus.fi\/wp-content\/uploads\/2026\/01\/puhti-200-1024x1004.jpg\" alt=\"\" class=\"wp-image-239 size-full\" srcset=\"https:\/\/kompressorikeskus.fi\/wp-content\/uploads\/2026\/01\/puhti-200-1024x1004.jpg 1024w, https:\/\/kompressorikeskus.fi\/wp-content\/uploads\/2026\/01\/puhti-200-300x294.jpg 300w, https:\/\/kompressorikeskus.fi\/wp-content\/uploads\/2026\/01\/puhti-200-768x753.jpg 768w, https:\/\/kompressorikeskus.fi\/wp-content\/uploads\/2026\/01\/puhti-200.jpg 1076w\" sizes=\"auto, (max-width: 1024px) 100vw, 1024px\" \/><\/figure><div class=\"wp-block-media-text__content\">\n<p class=\"has-medium-font-size\"><strong>PUHTI-200 PAINEHIEKKAPUHALLIN<\/strong><\/p>\n\n\n\n<p>PUHTI-200 painehiekkapuhaltimen helppo siirrelt\u00e4vyys luo k\u00e4ytt\u00e4j\u00e4lle rajattomat mahdollisuudet eri kohteiden helppoon ty\u00f6st\u00e4miseen, joten vaikeidenkin paikkojen hiekkapuhaltaminen k\u00e4y vaivattomasti.<\/p>\n\n\n\n<p><strong>TURVAPYS\u00c4YTIN<\/strong><\/p>\n\n\n\n<p>Kuuluu PUHTI-painehiekkapultimen vakiovarusteisiin ja se tekee k\u00e4yt\u00f6st\u00e4 turvallisen ja helpon. Pys\u00e4yt\u00e4t tai k\u00e4ynnist\u00e4t hiekkasuihkun k\u00e4den liikkeell\u00e4.<\/p>\n\n\n\n<p><strong>KOVAMETALLINEN VENTURISUUTIN<\/strong><\/p>\n\n\n\n<p>Painehiekkapuhallin on varustettu kovametallisella venturisuuttimella. Se antaa hiekalle l\u00e4hes kaksinkertaisen nopeuden tavalliseen suuttimeen verrattuna.<\/p>\n\n\n\n<p>Hiekkaseosventtiilill\u00e4 voit s\u00e4\u00e4t\u00e4\u00e4 hiekan m\u00e4\u00e4r\u00e4\u00e4 tarpeen mukaan. Tehokas vedenerotin est\u00e4\u00e4 puhallusmateriaalin kostumista ja t\u00e4ten v\u00e4hent\u00e4\u00e4 laitteiden toimintah\u00e4iri\u00f6it\u00e4. S\u00e4ili\u00f6n t\u00e4ytt\u00f6 on helppoa yl\u00e4osan suppilomaisuuden johdosta. Kartiomallinen pohja valuttaa hiekan tehokkaasti, joten rakeen paakkuuntuminen pohjalle estyy.<\/p>\n\n\n\n<p><strong>TEKNISET TIEDOT:<\/strong><\/p>\n\n\n\n<ul class=\"wp-block-list\">\n<li>S\u00e4ili\u00f6n tilavuus 200 L<\/li>\n\n\n\n<li>Paino 132 kg<\/li>\n\n\n\n<li>Leveys 790 mm<\/li>\n\n\n\n<li>Syvyys 850 mm<\/li>\n\n\n\n<li>Korkeus 1330 mm<\/li>\n\n\n\n<li>S\u00e4ili\u00f6n halkaisija 600 mm<\/li>\n\n\n\n<li>Turvapys\u00e4ytin pneumaattinen<\/li>\n<\/ul>\n\n\n\n<p>Painehiekkapuhallin toimitetaan varustettuna yhdell\u00e4 kovametallisuuttimella. Suutinvaihtoehdot ovat \u00f82, \u00f83, \u00f84 ja \u00f86 mm<\/p>\n<\/div><\/div>\n","protected":false},"excerpt":{"rendered":"<p>&lt;\u2013 Takaisin Kompressorikeskuksen kehitt\u00e4mien&nbsp;ja valmistamien PUHTI\u00ae&nbsp;-hiekkapuhaltimien varustelu ja helppo siirrelt\u00e4vyys antaa k\u00e4ytt\u00e4j\u00e4lle hyv\u00e4t edellytykset vaikeissakin olosuhteissa. Kokoluokat 5 litran s\u00e4ili\u00f6st\u00e4 [&hellip;]<\/p>\n","protected":false},"author":2,"featured_media":0,"parent":0,"menu_order":0,"comment_status":"closed","ping_status":"closed","template":"","meta":{"footnotes":""},"class_list":["post-236","page","type-page","status-publish","hentry"],"yoast_head":"<!-- This site is optimized with the Yoast SEO plugin v27.5 - https:\/\/yoast.com\/product\/yoast-seo-wordpress\/ -->\n<title>Painehiekkapuhaltimet - Kompressorikeskus<\/title>\n<meta name=\"robots\" content=\"index, follow, max-snippet:-1, max-image-preview:large, max-video-preview:-1\" \/>\n<link rel=\"canonical\" href=\"https:\/\/kompressorikeskus.fi\/?page_id=236\" \/>\n<meta property=\"og:locale\" content=\"fi_FI\" \/>\n<meta property=\"og:type\" content=\"article\" \/>\n<meta property=\"og:title\" content=\"Painehiekkapuhaltimet - Kompressorikeskus\" \/>\n<meta property=\"og:description\" content=\"&lt;\u2013 Takaisin Kompressorikeskuksen kehitt\u00e4mien&nbsp;ja valmistamien PUHTI\u00ae&nbsp;-hiekkapuhaltimien varustelu ja helppo siirrelt\u00e4vyys antaa k\u00e4ytt\u00e4j\u00e4lle hyv\u00e4t edellytykset vaikeissakin olosuhteissa. Kokoluokat 5 litran s\u00e4ili\u00f6st\u00e4 [&hellip;]\" \/>\n<meta property=\"og:url\" content=\"https:\/\/kompressorikeskus.fi\/?page_id=236\" \/>\n<meta property=\"og:site_name\" content=\"Kompressorikeskus\" \/>\n<meta property=\"article:modified_time\" content=\"2026-01-16T12:40:17+00:00\" \/>\n<meta property=\"og:image\" content=\"https:\/\/kompressorikeskus.fi\/wp-content\/uploads\/2026\/01\/PUHTI-50.jpg\" \/>\n\t<meta property=\"og:image:width\" content=\"1002\" \/>\n\t<meta property=\"og:image:height\" content=\"1490\" \/>\n\t<meta property=\"og:image:type\" content=\"image\/jpeg\" \/>\n<meta name=\"twitter:card\" content=\"summary_large_image\" \/>\n<meta name=\"twitter:label1\" content=\"Arvioitu lukuaika\" \/>\n\t<meta name=\"twitter:data1\" content=\"3 minuuttia\" \/>\n<script type=\"application\/ld+json\" class=\"yoast-schema-graph\">{\"@context\":\"https:\\\/\\\/schema.org\",\"@graph\":[{\"@type\":\"WebPage\",\"@id\":\"https:\\\/\\\/kompressorikeskus.fi\\\/?page_id=236\",\"url\":\"https:\\\/\\\/kompressorikeskus.fi\\\/?page_id=236\",\"name\":\"Painehiekkapuhaltimet - Kompressorikeskus\",\"isPartOf\":{\"@id\":\"https:\\\/\\\/kompressorikeskus.fi\\\/#website\"},\"primaryImageOfPage\":{\"@id\":\"https:\\\/\\\/kompressorikeskus.fi\\\/?page_id=236#primaryimage\"},\"image\":{\"@id\":\"https:\\\/\\\/kompressorikeskus.fi\\\/?page_id=236#primaryimage\"},\"thumbnailUrl\":\"https:\\\/\\\/kompressorikeskus.fi\\\/wp-content\\\/uploads\\\/2026\\\/01\\\/PUHTI-50-689x1024.jpg\",\"datePublished\":\"2026-01-16T11:13:23+00:00\",\"dateModified\":\"2026-01-16T12:40:17+00:00\",\"breadcrumb\":{\"@id\":\"https:\\\/\\\/kompressorikeskus.fi\\\/?page_id=236#breadcrumb\"},\"inLanguage\":\"fi\",\"potentialAction\":[{\"@type\":\"ReadAction\",\"target\":[\"https:\\\/\\\/kompressorikeskus.fi\\\/?page_id=236\"]}]},{\"@type\":\"ImageObject\",\"inLanguage\":\"fi\",\"@id\":\"https:\\\/\\\/kompressorikeskus.fi\\\/?page_id=236#primaryimage\",\"url\":\"https:\\\/\\\/kompressorikeskus.fi\\\/wp-content\\\/uploads\\\/2026\\\/01\\\/PUHTI-50.jpg\",\"contentUrl\":\"https:\\\/\\\/kompressorikeskus.fi\\\/wp-content\\\/uploads\\\/2026\\\/01\\\/PUHTI-50.jpg\",\"width\":1002,\"height\":1490},{\"@type\":\"BreadcrumbList\",\"@id\":\"https:\\\/\\\/kompressorikeskus.fi\\\/?page_id=236#breadcrumb\",\"itemListElement\":[{\"@type\":\"ListItem\",\"position\":1,\"name\":\"Etusivu\",\"item\":\"https:\\\/\\\/kompressorikeskus.fi\\\/\"},{\"@type\":\"ListItem\",\"position\":2,\"name\":\"Painehiekkapuhaltimet\"}]},{\"@type\":\"WebSite\",\"@id\":\"https:\\\/\\\/kompressorikeskus.fi\\\/#website\",\"url\":\"https:\\\/\\\/kompressorikeskus.fi\\\/\",\"name\":\"Kompressorikeskus\",\"description\":\"\",\"publisher\":{\"@id\":\"https:\\\/\\\/kompressorikeskus.fi\\\/#organization\"},\"potentialAction\":[{\"@type\":\"SearchAction\",\"target\":{\"@type\":\"EntryPoint\",\"urlTemplate\":\"https:\\\/\\\/kompressorikeskus.fi\\\/?s={search_term_string}\"},\"query-input\":{\"@type\":\"PropertyValueSpecification\",\"valueRequired\":true,\"valueName\":\"search_term_string\"}}],\"inLanguage\":\"fi\"},{\"@type\":\"Organization\",\"@id\":\"https:\\\/\\\/kompressorikeskus.fi\\\/#organization\",\"name\":\"Kompressorikeskus\",\"url\":\"https:\\\/\\\/kompressorikeskus.fi\\\/\",\"logo\":{\"@type\":\"ImageObject\",\"inLanguage\":\"fi\",\"@id\":\"https:\\\/\\\/kompressorikeskus.fi\\\/#\\\/schema\\\/logo\\\/image\\\/\",\"url\":\"https:\\\/\\\/kompressorikeskus.fi\\\/wp-content\\\/uploads\\\/2025\\\/12\\\/kompressorikeskus-scaled.jpg\",\"contentUrl\":\"https:\\\/\\\/kompressorikeskus.fi\\\/wp-content\\\/uploads\\\/2025\\\/12\\\/kompressorikeskus-scaled.jpg\",\"width\":2560,\"height\":1280,\"caption\":\"Kompressorikeskus\"},\"image\":{\"@id\":\"https:\\\/\\\/kompressorikeskus.fi\\\/#\\\/schema\\\/logo\\\/image\\\/\"}}]}<\/script>\n<!-- \/ Yoast SEO plugin. -->","yoast_head_json":{"title":"Painehiekkapuhaltimet - Kompressorikeskus","robots":{"index":"index","follow":"follow","max-snippet":"max-snippet:-1","max-image-preview":"max-image-preview:large","max-video-preview":"max-video-preview:-1"},"canonical":"https:\/\/kompressorikeskus.fi\/?page_id=236","og_locale":"fi_FI","og_type":"article","og_title":"Painehiekkapuhaltimet - Kompressorikeskus","og_description":"&lt;\u2013 Takaisin Kompressorikeskuksen kehitt\u00e4mien&nbsp;ja valmistamien PUHTI\u00ae&nbsp;-hiekkapuhaltimien varustelu ja helppo siirrelt\u00e4vyys antaa k\u00e4ytt\u00e4j\u00e4lle hyv\u00e4t edellytykset vaikeissakin olosuhteissa. Kokoluokat 5 litran s\u00e4ili\u00f6st\u00e4 [&hellip;]","og_url":"https:\/\/kompressorikeskus.fi\/?page_id=236","og_site_name":"Kompressorikeskus","article_modified_time":"2026-01-16T12:40:17+00:00","og_image":[{"width":1002,"height":1490,"url":"https:\/\/kompressorikeskus.fi\/wp-content\/uploads\/2026\/01\/PUHTI-50.jpg","type":"image\/jpeg"}],"twitter_card":"summary_large_image","twitter_misc":{"Arvioitu lukuaika":"3 minuuttia"},"schema":{"@context":"https:\/\/schema.org","@graph":[{"@type":"WebPage","@id":"https:\/\/kompressorikeskus.fi\/?page_id=236","url":"https:\/\/kompressorikeskus.fi\/?page_id=236","name":"Painehiekkapuhaltimet - Kompressorikeskus","isPartOf":{"@id":"https:\/\/kompressorikeskus.fi\/#website"},"primaryImageOfPage":{"@id":"https:\/\/kompressorikeskus.fi\/?page_id=236#primaryimage"},"image":{"@id":"https:\/\/kompressorikeskus.fi\/?page_id=236#primaryimage"},"thumbnailUrl":"https:\/\/kompressorikeskus.fi\/wp-content\/uploads\/2026\/01\/PUHTI-50-689x1024.jpg","datePublished":"2026-01-16T11:13:23+00:00","dateModified":"2026-01-16T12:40:17+00:00","breadcrumb":{"@id":"https:\/\/kompressorikeskus.fi\/?page_id=236#breadcrumb"},"inLanguage":"fi","potentialAction":[{"@type":"ReadAction","target":["https:\/\/kompressorikeskus.fi\/?page_id=236"]}]},{"@type":"ImageObject","inLanguage":"fi","@id":"https:\/\/kompressorikeskus.fi\/?page_id=236#primaryimage","url":"https:\/\/kompressorikeskus.fi\/wp-content\/uploads\/2026\/01\/PUHTI-50.jpg","contentUrl":"https:\/\/kompressorikeskus.fi\/wp-content\/uploads\/2026\/01\/PUHTI-50.jpg","width":1002,"height":1490},{"@type":"BreadcrumbList","@id":"https:\/\/kompressorikeskus.fi\/?page_id=236#breadcrumb","itemListElement":[{"@type":"ListItem","position":1,"name":"Etusivu","item":"https:\/\/kompressorikeskus.fi\/"},{"@type":"ListItem","position":2,"name":"Painehiekkapuhaltimet"}]},{"@type":"WebSite","@id":"https:\/\/kompressorikeskus.fi\/#website","url":"https:\/\/kompressorikeskus.fi\/","name":"Kompressorikeskus","description":"","publisher":{"@id":"https:\/\/kompressorikeskus.fi\/#organization"},"potentialAction":[{"@type":"SearchAction","target":{"@type":"EntryPoint","urlTemplate":"https:\/\/kompressorikeskus.fi\/?s={search_term_string}"},"query-input":{"@type":"PropertyValueSpecification","valueRequired":true,"valueName":"search_term_string"}}],"inLanguage":"fi"},{"@type":"Organization","@id":"https:\/\/kompressorikeskus.fi\/#organization","name":"Kompressorikeskus","url":"https:\/\/kompressorikeskus.fi\/","logo":{"@type":"ImageObject","inLanguage":"fi","@id":"https:\/\/kompressorikeskus.fi\/#\/schema\/logo\/image\/","url":"https:\/\/kompressorikeskus.fi\/wp-content\/uploads\/2025\/12\/kompressorikeskus-scaled.jpg","contentUrl":"https:\/\/kompressorikeskus.fi\/wp-content\/uploads\/2025\/12\/kompressorikeskus-scaled.jpg","width":2560,"height":1280,"caption":"Kompressorikeskus"},"image":{"@id":"https:\/\/kompressorikeskus.fi\/#\/schema\/logo\/image\/"}}]}},"_links":{"self":[{"href":"https:\/\/kompressorikeskus.fi\/index.php?rest_route=\/wp\/v2\/pages\/236","targetHints":{"allow":["GET"]}}],"collection":[{"href":"https:\/\/kompressorikeskus.fi\/index.php?rest_route=\/wp\/v2\/pages"}],"about":[{"href":"https:\/\/kompressorikeskus.fi\/index.php?rest_route=\/wp\/v2\/types\/page"}],"author":[{"embeddable":true,"href":"https:\/\/kompressorikeskus.fi\/index.php?rest_route=\/wp\/v2\/users\/2"}],"replies":[{"embeddable":true,"href":"https:\/\/kompressorikeskus.fi\/index.php?rest_route=%2Fwp%2Fv2%2Fcomments&post=236"}],"version-history":[{"count":2,"href":"https:\/\/kompressorikeskus.fi\/index.php?rest_route=\/wp\/v2\/pages\/236\/revisions"}],"predecessor-version":[{"id":273,"href":"https:\/\/kompressorikeskus.fi\/index.php?rest_route=\/wp\/v2\/pages\/236\/revisions\/273"}],"wp:attachment":[{"href":"https:\/\/kompressorikeskus.fi\/index.php?rest_route=%2Fwp%2Fv2%2Fmedia&parent=236"}],"curies":[{"name":"wp","href":"https:\/\/api.w.org\/{rel}","templated":true}]}}