{"id":117,"date":"2026-01-14T14:09:19","date_gmt":"2026-01-14T14:09:19","guid":{"rendered":"https:\/\/uusi.kompressorikeskus.fi\/?page_id=117"},"modified":"2026-01-16T12:36:11","modified_gmt":"2026-01-16T12:36:11","slug":"kuivaimet","status":"publish","type":"page","link":"https:\/\/kompressorikeskus.fi\/?page_id=117","title":{"rendered":"Kuivaimet"},"content":{"rendered":"\n<p class=\"has-base-color has-text-color has-link-color wp-elements-5ba2b93dcff4fe3b7550770b876cb6d5\"><strong><a href=\"https:\/\/kompressorikeskus.fi\/?page_id=56\" data-type=\"page\" data-id=\"56\"> &lt;\u2013 Takaisin<\/a><\/strong><\/p>\n\n\n\n<div class=\"wp-block-media-text is-stacked-on-mobile\" style=\"grid-template-columns:32% auto\"><figure class=\"wp-block-media-text__media\"><img loading=\"lazy\" decoding=\"async\" width=\"750\" height=\"1000\" src=\"https:\/\/kompressorikeskus.fi\/wp-content\/uploads\/2026\/01\/2148138466-edited.jpg\" alt=\"\" class=\"wp-image-89 size-full\" srcset=\"https:\/\/kompressorikeskus.fi\/wp-content\/uploads\/2026\/01\/2148138466-edited.jpg 750w, https:\/\/kompressorikeskus.fi\/wp-content\/uploads\/2026\/01\/2148138466-edited-225x300.jpg 225w\" sizes=\"auto, (max-width: 750px) 100vw, 750px\" \/><\/figure><div class=\"wp-block-media-text__content\">\n<p class=\"has-large-font-size\"><strong>Kuivaimet \u2013 Miksi paineilma pit\u00e4\u00e4 kuivata?<\/strong><\/p>\n\n\n\n<p>Kompressorin imem\u00e4 ilma on kaasuseos, joka sis\u00e4lt\u00e4\u00e4<br>aina my\u00f6s vesih\u00f6yry\u00e4. Ilman kyky ime\u00e4 itseens\u00e4 kosteutta kuitenkin vaihtelee; se on ennen kaikkea riippuvainen l\u00e4mp\u00f6tilasta. Kun ilman l\u00e4mp\u00f6tila kohoaa \u2013 kuten kompressorin puristusvaiheessa \u2013 my\u00f6s ilman kyky ime\u00e4 itseens\u00e4 vesih\u00f6yry\u00e4 kohoaa. Kosteus tiivistyy vasta v\u00e4ltt\u00e4m\u00e4tt\u00f6m\u00e4n j\u00e4\u00e4hdytysvaiheen<br>aikana, ja lauhde erottuu paineilmasta kompressorilaitetta seuraavassa syklonierottimessa tai paineilmas\u00e4ili\u00f6ss\u00e4.<\/p>\n\n\n\n<p>Paineilma on kuitenkin yh\u00e4 edelleen 100-prosenttisesti vesih\u00f6yrykyll\u00e4steist\u00e4.<br>Sen vuoksi paineilman jakeluverkostoon ja k\u00e4ytt\u00f6kohteisiin muodostuu edelleen huomattavat m\u00e4\u00e4r\u00e4t lauhdetta paineilman l\u00e4mp\u00f6tilan alentuessa.<\/p>\n\n\n\n<p>Vasta paineilman lis\u00e4kuivaus kykenee est\u00e4m\u00e4\u00e4n k\u00e4ytt\u00f6h\u00e4iri\u00f6t, tuotannon keskeytykset sek\u00e4 kalliit<br>huolto- ja korjaustoimenpiteet. Useimmissa paineilman k\u00e4ytt\u00f6kohteissa j\u00e4\u00e4hdytyskuivaus on taloudellisin ratkaisu.<\/p>\n\n\n\n<p><strong>Ota yhteytt\u00e4<\/strong> niin suunnitellaan teille toimiva ratkaisu.<\/p>\n<\/div><\/div>\n","protected":false},"excerpt":{"rendered":"<p>&lt;\u2013 Takaisin Kuivaimet \u2013 Miksi paineilma pit\u00e4\u00e4 kuivata? Kompressorin imem\u00e4 ilma on kaasuseos, joka sis\u00e4lt\u00e4\u00e4aina my\u00f6s vesih\u00f6yry\u00e4. Ilman kyky ime\u00e4 [&hellip;]<\/p>\n","protected":false},"author":2,"featured_media":0,"parent":0,"menu_order":0,"comment_status":"closed","ping_status":"closed","template":"","meta":{"footnotes":""},"class_list":["post-117","page","type-page","status-publish","hentry"],"yoast_head":"<!-- This site is optimized with the Yoast SEO plugin v27.5 - https:\/\/yoast.com\/product\/yoast-seo-wordpress\/ -->\n<title>Kuivaimet - Kompressorikeskus<\/title>\n<meta name=\"robots\" content=\"index, follow, max-snippet:-1, max-image-preview:large, max-video-preview:-1\" \/>\n<link rel=\"canonical\" href=\"https:\/\/kompressorikeskus.fi\/?page_id=117\" \/>\n<meta property=\"og:locale\" content=\"fi_FI\" \/>\n<meta property=\"og:type\" content=\"article\" \/>\n<meta property=\"og:title\" content=\"Kuivaimet - Kompressorikeskus\" \/>\n<meta property=\"og:description\" content=\"&lt;\u2013 Takaisin Kuivaimet \u2013 Miksi paineilma pit\u00e4\u00e4 kuivata? Kompressorin imem\u00e4 ilma on kaasuseos, joka sis\u00e4lt\u00e4\u00e4aina my\u00f6s vesih\u00f6yry\u00e4. Ilman kyky ime\u00e4 [&hellip;]\" \/>\n<meta property=\"og:url\" content=\"https:\/\/kompressorikeskus.fi\/?page_id=117\" \/>\n<meta property=\"og:site_name\" content=\"Kompressorikeskus\" \/>\n<meta property=\"article:modified_time\" content=\"2026-01-16T12:36:11+00:00\" \/>\n<meta property=\"og:image\" content=\"https:\/\/kompressorikeskus.fi\/wp-content\/uploads\/2026\/01\/2148138466-edited.jpg\" \/>\n\t<meta property=\"og:image:width\" content=\"750\" \/>\n\t<meta property=\"og:image:height\" content=\"1000\" \/>\n\t<meta property=\"og:image:type\" content=\"image\/jpeg\" \/>\n<meta name=\"twitter:card\" content=\"summary_large_image\" \/>\n<meta name=\"twitter:label1\" content=\"Arvioitu lukuaika\" \/>\n\t<meta name=\"twitter:data1\" content=\"1 minuutti\" \/>\n<script type=\"application\/ld+json\" class=\"yoast-schema-graph\">{\"@context\":\"https:\\\/\\\/schema.org\",\"@graph\":[{\"@type\":\"WebPage\",\"@id\":\"https:\\\/\\\/kompressorikeskus.fi\\\/?page_id=117\",\"url\":\"https:\\\/\\\/kompressorikeskus.fi\\\/?page_id=117\",\"name\":\"Kuivaimet - Kompressorikeskus\",\"isPartOf\":{\"@id\":\"https:\\\/\\\/kompressorikeskus.fi\\\/#website\"},\"primaryImageOfPage\":{\"@id\":\"https:\\\/\\\/kompressorikeskus.fi\\\/?page_id=117#primaryimage\"},\"image\":{\"@id\":\"https:\\\/\\\/kompressorikeskus.fi\\\/?page_id=117#primaryimage\"},\"thumbnailUrl\":\"https:\\\/\\\/kompressorikeskus.fi\\\/wp-content\\\/uploads\\\/2026\\\/01\\\/2148138466-edited.jpg\",\"datePublished\":\"2026-01-14T14:09:19+00:00\",\"dateModified\":\"2026-01-16T12:36:11+00:00\",\"breadcrumb\":{\"@id\":\"https:\\\/\\\/kompressorikeskus.fi\\\/?page_id=117#breadcrumb\"},\"inLanguage\":\"fi\",\"potentialAction\":[{\"@type\":\"ReadAction\",\"target\":[\"https:\\\/\\\/kompressorikeskus.fi\\\/?page_id=117\"]}]},{\"@type\":\"ImageObject\",\"inLanguage\":\"fi\",\"@id\":\"https:\\\/\\\/kompressorikeskus.fi\\\/?page_id=117#primaryimage\",\"url\":\"https:\\\/\\\/kompressorikeskus.fi\\\/wp-content\\\/uploads\\\/2026\\\/01\\\/2148138466-edited.jpg\",\"contentUrl\":\"https:\\\/\\\/kompressorikeskus.fi\\\/wp-content\\\/uploads\\\/2026\\\/01\\\/2148138466-edited.jpg\",\"width\":750,\"height\":1000},{\"@type\":\"BreadcrumbList\",\"@id\":\"https:\\\/\\\/kompressorikeskus.fi\\\/?page_id=117#breadcrumb\",\"itemListElement\":[{\"@type\":\"ListItem\",\"position\":1,\"name\":\"Etusivu\",\"item\":\"https:\\\/\\\/kompressorikeskus.fi\\\/\"},{\"@type\":\"ListItem\",\"position\":2,\"name\":\"Kuivaimet\"}]},{\"@type\":\"WebSite\",\"@id\":\"https:\\\/\\\/kompressorikeskus.fi\\\/#website\",\"url\":\"https:\\\/\\\/kompressorikeskus.fi\\\/\",\"name\":\"Kompressorikeskus\",\"description\":\"\",\"publisher\":{\"@id\":\"https:\\\/\\\/kompressorikeskus.fi\\\/#organization\"},\"potentialAction\":[{\"@type\":\"SearchAction\",\"target\":{\"@type\":\"EntryPoint\",\"urlTemplate\":\"https:\\\/\\\/kompressorikeskus.fi\\\/?s={search_term_string}\"},\"query-input\":{\"@type\":\"PropertyValueSpecification\",\"valueRequired\":true,\"valueName\":\"search_term_string\"}}],\"inLanguage\":\"fi\"},{\"@type\":\"Organization\",\"@id\":\"https:\\\/\\\/kompressorikeskus.fi\\\/#organization\",\"name\":\"Kompressorikeskus\",\"url\":\"https:\\\/\\\/kompressorikeskus.fi\\\/\",\"logo\":{\"@type\":\"ImageObject\",\"inLanguage\":\"fi\",\"@id\":\"https:\\\/\\\/kompressorikeskus.fi\\\/#\\\/schema\\\/logo\\\/image\\\/\",\"url\":\"https:\\\/\\\/kompressorikeskus.fi\\\/wp-content\\\/uploads\\\/2025\\\/12\\\/kompressorikeskus-scaled.jpg\",\"contentUrl\":\"https:\\\/\\\/kompressorikeskus.fi\\\/wp-content\\\/uploads\\\/2025\\\/12\\\/kompressorikeskus-scaled.jpg\",\"width\":2560,\"height\":1280,\"caption\":\"Kompressorikeskus\"},\"image\":{\"@id\":\"https:\\\/\\\/kompressorikeskus.fi\\\/#\\\/schema\\\/logo\\\/image\\\/\"}}]}<\/script>\n<!-- \/ Yoast SEO plugin. -->","yoast_head_json":{"title":"Kuivaimet - Kompressorikeskus","robots":{"index":"index","follow":"follow","max-snippet":"max-snippet:-1","max-image-preview":"max-image-preview:large","max-video-preview":"max-video-preview:-1"},"canonical":"https:\/\/kompressorikeskus.fi\/?page_id=117","og_locale":"fi_FI","og_type":"article","og_title":"Kuivaimet - Kompressorikeskus","og_description":"&lt;\u2013 Takaisin Kuivaimet \u2013 Miksi paineilma pit\u00e4\u00e4 kuivata? Kompressorin imem\u00e4 ilma on kaasuseos, joka sis\u00e4lt\u00e4\u00e4aina my\u00f6s vesih\u00f6yry\u00e4. Ilman kyky ime\u00e4 [&hellip;]","og_url":"https:\/\/kompressorikeskus.fi\/?page_id=117","og_site_name":"Kompressorikeskus","article_modified_time":"2026-01-16T12:36:11+00:00","og_image":[{"width":750,"height":1000,"url":"https:\/\/kompressorikeskus.fi\/wp-content\/uploads\/2026\/01\/2148138466-edited.jpg","type":"image\/jpeg"}],"twitter_card":"summary_large_image","twitter_misc":{"Arvioitu lukuaika":"1 minuutti"},"schema":{"@context":"https:\/\/schema.org","@graph":[{"@type":"WebPage","@id":"https:\/\/kompressorikeskus.fi\/?page_id=117","url":"https:\/\/kompressorikeskus.fi\/?page_id=117","name":"Kuivaimet - Kompressorikeskus","isPartOf":{"@id":"https:\/\/kompressorikeskus.fi\/#website"},"primaryImageOfPage":{"@id":"https:\/\/kompressorikeskus.fi\/?page_id=117#primaryimage"},"image":{"@id":"https:\/\/kompressorikeskus.fi\/?page_id=117#primaryimage"},"thumbnailUrl":"https:\/\/kompressorikeskus.fi\/wp-content\/uploads\/2026\/01\/2148138466-edited.jpg","datePublished":"2026-01-14T14:09:19+00:00","dateModified":"2026-01-16T12:36:11+00:00","breadcrumb":{"@id":"https:\/\/kompressorikeskus.fi\/?page_id=117#breadcrumb"},"inLanguage":"fi","potentialAction":[{"@type":"ReadAction","target":["https:\/\/kompressorikeskus.fi\/?page_id=117"]}]},{"@type":"ImageObject","inLanguage":"fi","@id":"https:\/\/kompressorikeskus.fi\/?page_id=117#primaryimage","url":"https:\/\/kompressorikeskus.fi\/wp-content\/uploads\/2026\/01\/2148138466-edited.jpg","contentUrl":"https:\/\/kompressorikeskus.fi\/wp-content\/uploads\/2026\/01\/2148138466-edited.jpg","width":750,"height":1000},{"@type":"BreadcrumbList","@id":"https:\/\/kompressorikeskus.fi\/?page_id=117#breadcrumb","itemListElement":[{"@type":"ListItem","position":1,"name":"Etusivu","item":"https:\/\/kompressorikeskus.fi\/"},{"@type":"ListItem","position":2,"name":"Kuivaimet"}]},{"@type":"WebSite","@id":"https:\/\/kompressorikeskus.fi\/#website","url":"https:\/\/kompressorikeskus.fi\/","name":"Kompressorikeskus","description":"","publisher":{"@id":"https:\/\/kompressorikeskus.fi\/#organization"},"potentialAction":[{"@type":"SearchAction","target":{"@type":"EntryPoint","urlTemplate":"https:\/\/kompressorikeskus.fi\/?s={search_term_string}"},"query-input":{"@type":"PropertyValueSpecification","valueRequired":true,"valueName":"search_term_string"}}],"inLanguage":"fi"},{"@type":"Organization","@id":"https:\/\/kompressorikeskus.fi\/#organization","name":"Kompressorikeskus","url":"https:\/\/kompressorikeskus.fi\/","logo":{"@type":"ImageObject","inLanguage":"fi","@id":"https:\/\/kompressorikeskus.fi\/#\/schema\/logo\/image\/","url":"https:\/\/kompressorikeskus.fi\/wp-content\/uploads\/2025\/12\/kompressorikeskus-scaled.jpg","contentUrl":"https:\/\/kompressorikeskus.fi\/wp-content\/uploads\/2025\/12\/kompressorikeskus-scaled.jpg","width":2560,"height":1280,"caption":"Kompressorikeskus"},"image":{"@id":"https:\/\/kompressorikeskus.fi\/#\/schema\/logo\/image\/"}}]}},"_links":{"self":[{"href":"https:\/\/kompressorikeskus.fi\/index.php?rest_route=\/wp\/v2\/pages\/117","targetHints":{"allow":["GET"]}}],"collection":[{"href":"https:\/\/kompressorikeskus.fi\/index.php?rest_route=\/wp\/v2\/pages"}],"about":[{"href":"https:\/\/kompressorikeskus.fi\/index.php?rest_route=\/wp\/v2\/types\/page"}],"author":[{"embeddable":true,"href":"https:\/\/kompressorikeskus.fi\/index.php?rest_route=\/wp\/v2\/users\/2"}],"replies":[{"embeddable":true,"href":"https:\/\/kompressorikeskus.fi\/index.php?rest_route=%2Fwp%2Fv2%2Fcomments&post=117"}],"version-history":[{"count":4,"href":"https:\/\/kompressorikeskus.fi\/index.php?rest_route=\/wp\/v2\/pages\/117\/revisions"}],"predecessor-version":[{"id":266,"href":"https:\/\/kompressorikeskus.fi\/index.php?rest_route=\/wp\/v2\/pages\/117\/revisions\/266"}],"wp:attachment":[{"href":"https:\/\/kompressorikeskus.fi\/index.php?rest_route=%2Fwp%2Fv2%2Fmedia&parent=117"}],"curies":[{"name":"wp","href":"https:\/\/api.w.org\/{rel}","templated":true}]}}